e hundreds digit of d?
0
Let t(h) = 142*h**2 - 22*h + 2. Let f be t(3). Let x = f - 584. What is the hundreds digit of x?
6
Suppose -16 = -0*y - 4*y, -2*y - 17 = -5*a. Suppose a*p = 5 + 15. Suppose z = 5*z + 5*h - 134, 4*h - 132 = -p*z. What is the tens digit of z?
3
Suppose 0 = -6*h + 18 + 12. Suppose 5*b + 3290 = h*y + b, -687 = -y - 5*b. What is the tens digit of y?
6
Let i(o) = 7*o**2 - 96*o - 108. What is the units digit of i(-38)?
8
Let g = -10228 - -20366. What is the ten thousands digit of g?
1
Suppose -3*d = -3*j - 735, 90 = 5*d + 2*j - 1128. Let o = 660 - d. What is the hundreds digit of o?
4
Let p = -159 + 156. Let q be -24*((-20)/3)/4. Let o = q - p. What is the units digit of o?
3
Suppose 0 = 2*o - 2 + 4, 3*k + 2*o = -2738. Let h = k - -2367. What is the units digit of h?
5
What is the hundreds digit of ((-180)/(-6))/(-5) - (-587 + -3)?
5
Suppose 1731 + 117 = 7*m. Let v be m - (-4 + 8 + -1). Suppose -8*k - k + v = 0. What is the tens digit of k?
2
Suppose -4 = 23*q - 19*q. What is the units digit of (-9 - -1) + 5 - 801/q?
8
Suppose -15 = 5*i, 5*y + 3*i - 5510 = -34. Suppose 4*w = 3*v - y, -2*w = -3*v + 7*v - 1448. What is the tens digit of v?
6
Suppose 0 = 2*q - 4*r - 18, -8*q + 11 = -7*q - r. Let h(u) = -23*u + 3*u**2 - 24 + 0*u**2 + 8*u - u**2. What is the units digit of h(q)?
9
Suppose -3*h + 3*h = h. Let n be (h - 3/(-2))/((-75)/4300). Let s = -70 - n. What is the units digit of s?
6
Let z be ((1 - 294)/(-1))/(-13 + 14). Let r be 15/(-2)*-24 - 3. Let o = z - r. What is the tens digit of o?
1
Suppose -4*z - 9 - 1 = -3*i, 2*i - 5*z - 9 = 0. Suppose -3 + 219 = -i*l. What is the tens digit of (5/(-2) - -2)*(l + -2)?
5
Suppose 71*s - 24365 = -5*b + 67*s, -4*b = -s - 19492. What is the tens digit of b?
7
Let d(o) = -27*o**2 + 55*o**2 + o**3 + 0*o + 62*o + 30. What is the tens digit of d(-25)?
5
Suppose -5*p + 42983 = 3*r + r, -3*p - 27 = 0. What is the ten thousands digit of r?
1
Suppose -8*a + 128 = -12*a. Let q = a + 102. Suppose 61*o = 62*o - q. What is the tens digit of o?
7
Suppose -15*b = b + 80. Let v(d) = -7*d**3 + 2*d**2 - 5*d - 9. What is the tens digit of v(b)?
4
Let s be (-5 - 1)/(-5 + 42/12). Suppose -7*m + s*m = 3*n - 5220, -m + 2 = 0. What is the thousands digit of n?
1
Let y = -18602 + 62370. What is the ten thousands digit of y?
4
Let k(p) = 6*p**2 - 99*p + 351. What is the units digit of k(-47)?
8
Let u be (-14)/(-49) - (1 - (-404)/(-7)). Suppose -3*n - 2*t + 82 = -2, -2*n - t + u = 0. What is the units digit of n?
0
Suppose 38*d + 5*a = 34*d + 35259, d - 2*a - 8805 = 0. What is the hundreds digit of d?
8
Suppose -18 = 5*f + 227. Let x = f - -53. Suppose u - 644 = -4*g + 2*u, 652 = x*g - 3*u. What is the hundreds digit of g?
1
Let n be 14/8 - (-15)/(-20). Suppose 2*s = -m, -3*m - 5*s + n = -1. What is the tens digit of 6/((-5)/6*m/(-10))?
1
Let v = 86 + -83. Let g be 666/33 - (-6)/(-99)*v. Suppose 0 = -g*r + 24*r - 276. What is the tens digit of r?
6
Suppose 3*a - 6 = -m, -5*a + 2*m = -7*a. Let b(y) = 6*y**3 - 6*y**2 + 8*y + 1. What is the tens digit of b(a)?
3
Let v = 184 + -59. Let x = 123 - v. Let n(c) = -84*c. What is the hundreds digit of n(x)?
1
Let p(w) = -289*w**3 + 3*w**2 + 64*w - 3. What is the tens digit of p(-5)?
7
Let b = -2452 + 21862. What is the tens digit of b?
1
Suppose 4*g - 4*d = 48, -d - 51 = -5*g + d. Let k(n) = 8*n + 71 + g*n**2 - 77 - 3*n**2. What is the tens digit of k(3)?
7
Let w(l) = 9*l**2. Let f be (-464)/10 + -4*(-6)/(-40). Let c = f + 49. What is the tens digit of w(c)?
3
Let y be (1 + -5)/(954/(-189) - -5). Suppose 4*x - 3*d = 1757, -3*x + 2*d - y = -1401. What is the hundreds digit of x?
4
Suppose -42 = -115*b + 118*b. What is the hundreds digit of (-6)/b - (-8864)/28?
3
Let i(b) = b**3 - 36*b**2 + 24*b + 107. Let z be i(34). Let l = z - -2561. What is the units digit of l?
2
Let h be (6 - 2) + 1661/1. What is the units digit of ((-12)/(-9))/(10/h)?
2
Suppose -4*c = -0*c - z - 38240, c - 9560 = 3*z. Suppose -68618 + c = -34*m. What is the hundreds digit of m?
7
Let v = 211 - 214. What is the units digit of ((5/(-10))/(-1))/(v/(-1596))?
6
Let y = -25 + 4. Let q be (-51)/y - 6/14. Suppose -2*n = -3*c + 3, -q*n + c = -n. What is the units digit of n?
3
Let u = 30878 - 4279. What is the thousands digit of u?
6
Let f be ((-2766)/24 + 2)/(1/8). Let u = f + 591. What is the tens digit of (-10)/u*7 - 349/(-9)?
3
Let b(c) = -c**2 - 22*c + 32. Let f be b(-20). Suppose f = -3*m + 747. Let d = m + -54. What is the units digit of d?
1
Suppose 26*l + 1278410 = -61*l + 7318385. What is the hundreds digit of l?
4
Let o(a) = -7*a**3 - 20*a**2 - 101*a - 18. What is the thousands digit of o(-9)?
4
Suppose -3*w = 2*u, u + 40 = 2*w + 26. Let y(c) = 17*c + 128. What is the tens digit of y(u)?
2
Let l be -2 - 254/(-9) - (-2)/(-9). What is the hundreds digit of (-287)/91 + 3 + 4580/l?
1
Suppose 3*v + 164 = 173. What is the tens digit of 1376/(-40)*(-60)/v?
8
Let d = -85 + 100. What is the units digit of 90/(-9)*(-531)/d?
4
Let s be 63/6*48/9. Let v(n) = 4*n**3 + 2*n**2 - n - 4. Let l be v(3). Suppose 5*c - s - l = 0. What is the units digit of c?
5
Suppose -2*n = 6*n. Let l be (-3 - (-4 + n))*(434 + 1). Suppose -x + 74 = -2*d, -l = -5*x + d - 4*d. What is the units digit of x?
4
Suppose -11*k - 15 = -6*k. Let w be (k - -4)/(0 - (-1)/(-48)). Let l = w + 63. What is the units digit of l?
5
Suppose 0 = 79*i - 83*i + 16. What is the hundreds digit of i/(-26) - (40338/(-78))/1?
5
Let g = 36 - 30. Suppose g*d - 3*d - 5*f - 11 = 0, 4*d + 24 = -3*f. What is the units digit of (-536)/(-18) - d*(-12)/(-162)?
0
Let m be (13 - 9) + (-1)/((-1)/202). Let l = m - -654. What is the hundreds digit of l?
8
What is the hundreds digit of (285/(-6)*-26)/(-22 + 1776/80)?
1
Let u(c) = -c + 60. Let l(s) = 4*s + 42. Let h be l(-13). What is the tens digit of u(h)?
7
Suppose x + 3*n = 39, -3*x = -0*n + 3*n - 111. Suppose 0 = -58*g + x*g + 1782. What is the units digit of g?
1
Let c(v) = 355*v**3 - 13*v**2 - 27*v + 7. Let q(y) = 118*y**3 - 5*y**2 - 9*y + 2. Let r(k) = 3*c(k) - 8*q(k). What is the tens digit of r(2)?
5
Let r be 4/10 - (9486/30)/3. Let g = 125 - -22. Let h = r + g. What is the units digit of h?
2
Let r be (0 - 0)/((-3)/3). Suppose 5*x - 1881 + 376 = r. What is the tens digit of x?
0
Suppose 18050 = 4*y - 3*y - 4*p, 72221 = 4*y + 5*p. What is the hundreds digit of y?
0
Let v be -1*-634*(-3)/6. Let l = -126 - v. Suppose -303 - l = -13*u. What is the units digit of u?
8
Suppose -22517 = -m + 3871. Suppose -4509 = 33*b - m. What is the hundreds digit of b?
6
Let j = 552 - 546. What is the units digit of j/4*(-350)/(-21)?
5
Suppose -42642 - 1986 = -12*p + 379092. What is the tens digit of p?
1
Let x = 7995 - 4439. Suppose 0 = 15*l - x - 629. What is the hundreds digit of l?
2
Suppose 2*o + 2*k - 638 = 0, 1451*o - 1450*o - 277 = 5*k. What is the units digit of o?
2
Let k = 78 + -71. Let x be (94/(-8))/(k/(-84)). Suppose x = f - 0*f. What is the hundreds digit of f?
1
Let f = 2742 + 721. What is the units digit of f?
3
Let n = -35 - -42. Suppose n*o - 27 = 1. Suppose -o*b = 8, -2*b = 5*a - 63 - 233. What is the tens digit of a?
6
Suppose -4*f + 174490 = 2*h, 0 = 5*h - 74*f + 70*f - 436323. What is the thousands digit of h?
7
Let l = 5344 + -784. What is the hundreds digit of l?
5
Suppose -54*v + 57*v = -429. Let m = v - -531. What is the hundreds digit of m?
3
Let b(v) = -v**3 - 117*v**2 + 76*v - 286. What is the thousands digit of b(-120)?
3
Let l = 42807 + -26336. What is the ten thousands digit of l?
1
Let u = -17 + 30. Suppose -5*x - 7 = u. What is the units digit of 3860/42 - x/42?
2
Let y be 2 - (-7)/((-21)/(-174)). Suppose -y*r + 53*r = -707. What is the tens digit of r?
0
What is the hundreds digit of ((-10530)/105)/((-23)/3864)?
8
Let q(g) = -g**3 + 19*g**2 + 41*g + 41. Let f = 200 + -179. What is the tens digit of q(f)?
2
Let l(k) = -10*k - 6. Let g(h) = 10*h + 6. Let z(m) = 4*g(m) + 3*l(m). Let i be z(5). Suppose -4*c = -208 + i. What is the units digit of c?
8
Let r(b) = -b**3 + 3*b**2. Let o be r(3). Suppose o = -c + 38 + 102. Suppose -4*m + c = -128. What is the units digit of m?
7
Let a = 8522 + 57. What is the tens digit of a?
7
Suppose 130*t - 142*t = -53040. Suppose 0 = -124*m + 137*m - t. What is the 